
Suppose 86*o = 84*o + 7354. List the prime factors of o.
3677
Let p be (4814/4)/((-2)/(-4)). Let s = p - 1281. List the prime factors of s.
2, 563
Let y(p) = 304*p**2 + 28*p + 368. What are the prime factors of y(-8)?
2, 5, 7
Let t(g) = 1022*g**2 + 10*g + 115. What are the prime factors of t(-5)?
5, 47, 109
Suppose 0 = 2*u - 2*a - 384, 3*a + 566 = 3*u - 2*a. Let b = u - -23. Suppose 0 = 2*t - b + 78. What are the prime factors of t?
71
Let x(i) = 4*i**2 + 6*i - 5. Let v(o) = -17*o**2 - 25*o + 21. Let s(g) = 2*v(g) + 9*x(g). Let p be s(-3). List the prime factors of -30*p*2/(-12).
3, 5
Let a = -24 + -20. Let l = a + 206. Suppose -l = -41*q + 38*q. List the prime factors of q.
2, 3
Suppose -7079 = -11*x + 5868. What are the prime factors of x?
11, 107
Let b = -2660 + 3693. What are the prime factors of b?
1033
Let u = -22 - -5. Let n be (-597)/(u/12 - 8/(-12)). Suppose 0 = -21*z + 25*z - n. What are the prime factors of z?
199
List the prime factors of (-15)/9 + 3840/36.
3, 5, 7
Let i(d) = 3255*d + 736. List the prime factors of i(21).
11, 571
Let l(s) = -8*s + 50. Let x be l(7). What are the prime factors of 1353/12 - x - (-1)/4?
7, 17
Let z(d) = -7*d**3 - 18*d**2 + 26*d + 9. Let x(g) = g**3 - g**2 - g + 1. Let f(w) = 5*x(w) + z(w). What are the prime factors of f(-13)?
2, 31
Let l(q) be the third derivative of -q**6/60 + 7*q**5/30 + q**4/6 - 2*q**3 - q**2 - 17*q. What are the prime factors of l(6)?
2, 3, 7
Suppose -2*c - 6017 = -3*u, u = 2*c + 211 + 1792. Suppose 3*h + k = u, h - 2*k = -2*h + 1998. What are the prime factors of h?
2, 167
Suppose -18*a - 9040 = -38*a. List the prime factors of a.
2, 113
Let u(s) = -316*s + 93. List the prime factors of u(-15).
3, 179
Let x(y) = -4836*y + 1217. List the prime factors of x(-7).
35069
Let i(r) = -r**3 - 2*r**2 + 5*r - 2. Let h be i(2). Let s(m) = 13*m**2 + 12*m + 41. What are the prime factors of s(h)?
3, 7, 37
Let d(r) = 4*r - 14. Let c be d(3). Let h be -1 + 17 - (-2 - c)*-1. What are the prime factors of ((-4)/h)/((-293)/292 - -1)?
73
Suppose 0 = -20*k + 456705 + 605775. List the prime factors of k.
2, 3, 19, 233
Let z = -128 - -133. Suppose 2*n = -z*c + 1595, -n = -5*c - 4*n + 1590. What are the prime factors of c?
3, 107
Let l(v) = v**2 + v - 2. Let h be l(4). Let s = h - 27. List the prime factors of 16/72 - 628/s.
2, 5, 7
Let s(k) = -k**3 + 20*k**2 - 13*k + 18. Let f = -94 - -113. What are the prime factors of s(f)?
2, 3, 11
Let q = 129 - 124. Suppose s - q*j - 884 = -s, -4*s + 2*j = -1736. List the prime factors of s.
2, 3
Let s(q) = 43*q**2 - 9*q - 36. Let d be s(-6). Suppose -d + 5148 = 9*a. List the prime factors of a.
2, 199
Suppose 0 = 8*u - 4*u - 44. Suppose 3*s - u = -5. Suppose -b + 41 = -s. List the prime factors of b.
43
Let w be 3 - (-2)/(3 + 21/(-9)). Suppose 0 = -17*b + w*b + 8294. Suppose 4*r = y + 23 + 587, -3*y + b = 5*r. List the prime factors of r.
2, 19
Suppose -21860*k + 21851*k + 87318 = 0. What are the prime factors of k?
2, 3, 7, 11
Let o(h) = 2*h**2 - 35*h + 25. Let v be o(17). Let x be 4/6 - (-14)/(-21). List the prime factors of 380/v - ((-1)/2 - x).
2, 3
Let g be (0 + 3)/(-41 - -44)*-1117. Let v = g + 1905. What are the prime factors of v?
2, 197
Let y be 45*(9 - (0 + 4)). Suppose -h + y + 17 = 0. Suppose -8*n = h - 850. List the prime factors of n.
2, 19
Let c = -74 - -71. List the prime factors of 6/c*(-504)/14.
2, 3
Suppose 0 = 5*f - 3*r - 109330, -5*r + 65632 = 28*f - 25*f. What are the prime factors of f?
19, 1151
Suppose -22*p = 2*p - 17592. Let l = p + -342. List the prime factors of l.
17, 23
Let t(j) = -4*j**3 - 31*j**2 + 8*j + 109. List the prime factors of t(-18).
13249
Let l(v) be the third derivative of 7*v**4/24 + 7*v**3/3 + v**2. Let j be (-6)/((-1 - (-3)/(-15))*(-5)/(-15)). What are the prime factors of l(j)?
7, 17
Suppose -2132*b = -2128*b - 16. Suppose -7*i - b*m + 2384 = -5*i, -2*m - 5960 = -5*i. List the prime factors of i.
2, 149
Let s = -1738 + 13053. List the prime factors of s.
5, 31, 73
Suppose -3*h - 9 = 3*t, -4*h + t + t = -12. Suppose u = 9 + 22. List the prime factors of (-3 + 4)*u + h.
2
Let o be 5 - 2/(-12)*-6. Suppose -3*u - o*b = -1200, u + 2*u = b + 1185. List the prime factors of u.
2, 3, 11
Let s be (-5 - (0 + 0))*1/(-1). Suppose -6 = 2*j, -a - 2*j - s = -0*j. What are the prime factors of 53 - 1/(a/(-1))?
2, 3
Suppose -2*k - 2*z + 26 = 0, 3*z = -5*k + 29 + 30. Suppose -2068 = -k*p + 882. Suppose -2*d = 5*b - 4*d - p, 0 = -3*d - 15. What are the prime factors of b?
3, 19
Suppose 2130 = 4*r + 2*p, -1282 = 5*r - 4*p - 3912. Suppose -9 = -3*y, -3*y + r = -13*u + 14*u. What are the prime factors of u?
521
Suppose 18*d - 72377 = 504649. List the prime factors of d.
32057
Suppose 4*k - 3*k + d = 20381, 2*k - 40752 = -7*d. What are the prime factors of k?
11, 17, 109
Let a(r) be the third derivative of 11*r**5/15 - r**4/2 + 83*r**3/6 - 9*r**2 - 2. List the prime factors of a(5).
1123
Let l(a) = -a + 8. Let z be l(-4). Let k be 1376/6 - z/9. Let u = k - 156. What are the prime factors of u?
2, 3
Let p be (-3)/(12/(-420) + 24/(-42)). Let y be 0 - 3*-2 - 1. Suppose 0*f - 28 = -2*z + f, p*f = y*z - 75. List the prime factors of z.
13
Let v(b) = -99*b**3 + 48*b + 172. What are the prime factors of v(-4)?
2, 1579
Let w(j) = -7*j + 12. Let s(p) = -17*p + 26. Let l(m) = -4*s(m) + 9*w(m). Let q = -7 - -16. What are the prime factors of l(q)?
7
Let j(m) = 9*m**2 + 3*m - 5. Let d be j(2). Suppose 32 = -5*i + d. Let g(h) = 6*h**2 + h - 2. List the prime factors of g(i).
5
Let x = 3423 - 703. Let i = x - 345. What are the prime factors of (1/(-5))/((-6)/(-5 + i))?
79
Suppose -66*o + 12*o + 2882072 = 22*o. What are the prime factors of o?
2, 67, 283
Suppose 14*y + 16*y - 286161 = 13*y. List the prime factors of y.
3, 31, 181
Suppose 6*m + 1 = 97. Let u be (-3)/((-12)/m - 0). Suppose u*k - 2*k = 108. List the prime factors of k.
2, 3
Suppose -3*h - 5*l = -17597, -3*h + l = -l - 17632. List the prime factors of h.
2, 3, 11, 89
Let v = -375 - -534. Suppose 161*m - 344 = v*m. List the prime factors of m.
2, 43
Let s(c) = -4*c - 68. Let i = -206 - -107. Let t = i + 75. List the prime factors of s(t).
2, 7
List the prime factors of 28/182 - 2/(130/(-126155)).
3, 647
What are the prime factors of (6/(-3) + 273)*(83 - 17)?
2, 3, 11, 271
Suppose -32*f - 2415 = -35*f. Let r = -506 + f. List the prime factors of r.
13, 23
Suppose -g + 17 - 12 = 0. Let m(c) = 70*c + 33. What are the prime factors of m(g)?
383
Let r(q) = 89*q**3 - 3*q - 4. Let d be r(-1). Let k be (-147)/(3 + (d/8)/3). Let n = 384 - k. List the prime factors of n.
2, 47
Let j = 695 + -701. Let r(v) = -2*v**3 + 9*v**2 + 26*v + 15. List the prime factors of r(j).
3, 5, 41
Let u = 1558 + -722. Suppose u*r + 1540 = 841*r. What are the prime factors of r?
2, 7, 11
Let x(t) = -12*t**2 - 4*t + 8. Let b(a) = -7 - 2*a - 9*a + 11*a**2 + 14*a. Let u(m) = 5*b(m) + 4*x(m). List the prime factors of u(-3).
3, 7
Suppose 5*k + 4*c - 1532 = 660, k + c = 439. Suppose 4*b = -r + k, -3*r - 2*r - b = -2085. What are the prime factors of r?
2, 13
Let l(w) = -35*w - 173. Suppose 52 = 9*m + 241. List the prime factors of l(m).
2, 281
Let p = -227 - -115. What are the prime factors of p/(-35)*(-3 + 133)?
2, 13
Let a(q) = 113*q**2 - 60*q + 646. List the prime factors of a(9).
47, 197
Suppose 33*m = 38*m - 25. Suppose 3*l - 175 = -2*j, -2*l + 135 = m*j - 0*j. List the prime factors of l.
5, 11
Suppose -3*h + m + 24478 = 0, -1436 = -2*h + 5*m + 14861. What are the prime factors of h?
8161
Let n(a) = 37*a + 19. Let d(t) = 74*t + 39. Let g(y) = 6*d(y) - 13*n(y). List the prime factors of g(-4).
3, 5
Suppose 0 = -5*f + 28 - 3. Suppose 0 = o - f*i - 304, 4*o - 9*i = -11*i + 1260. List the prime factors of o.
2, 157
What are the prime factors of (((-6)/8)/(-1))/(61/657336)?
2, 3, 449
Let h(w) = -10 - 296*w + 294*w + 12 + 11. Let f be h(4). Suppose -3*o = f*o - 336. List the prime factors of o.
2, 3, 7
Let o be ((6 - 3) + 0)/(4/4748). Let c = o - 2279. List the prime factors of c.
2, 641
Let d = 428 + -724. Let j = -139 - d. Suppose -37 = 5*u - j. What are the prime factors of u?
2, 3
Let f = -2830 - -5089. What are the prime factors of f?
3, 251
Suppose 6799 = -16*s + 58895. What are the prime factors of s?
2, 11, 37
Let